What is the greatest common factor of 22 and c?
11
Let k(z) = -z**3 - 3*z**2 + 10*z + 8. Let g be k(-6). Calculate the highest common factor of 7 and g.
7
Let f = 272 - 103. Calculate the highest common factor of 13 and f.
13
Suppose 0 = 2*t + 1 + 13. Let f be 14/t - (-16 + 0). Calculate the highest common divisor of f and 21.
7
Let u(p) = 2*p**3 - 4*p**2 + p + 4. Let d be u(4). Let q = 31 + 17. Suppose m - 9 - 5 = -2*o, -q = -5*o + 4*m. Calculate the greatest common factor of d and o.
8
Suppose 0 = u - 3*w - 23, -6 + 16 = -5*w. What is the highest common factor of 85 and u?
17
Let v be (-2 + (-2)/4)*312/(-15). Calculate the highest common factor of 104 and v.
52
Let z(u) = u**2 - 5*u + 4. Let c be z(3). Let w = c + 2. Suppose -m + 2*m - 3 = w. What is the highest common factor of m and 3?
3
Suppose -20 = -0*o + 2*o. Let x be (-2)/o - 29/(-5). Suppose -w + 6 = s + s, -w - x = -4*s. What is the greatest common divisor of 14 and w?
2
Suppose -2*b - 4*a + 652 = b, 0 = -b - 5*a + 210. Let z be (1/(-2))/((-1)/b). What is the highest common factor of 10 and z?
10
Let n be 69/(-1)*2/3. Let q = 94 + n. What is the highest common divisor of 6 and q?
6
Let a(i) = 2*i. Let f be a(1). Suppose -3*j = f*j - 160. What is the highest common factor of 4 and j?
4
Let b = 96 - 74. What is the greatest common factor of b and 242?
22
Let b be 4 + (0 - 0) + 0. Suppose -w - 2*j - 8 = -3*j, -5*j = -b*w - 27. Let n = 30 + w. Calculate the greatest common divisor of 187 and n.
17
Suppose -4*g = -4*w + 236, -5*g - 187 = -3*w - 0*w. What is the greatest common factor of 6 and w?
6
Let j(g) = -15*g**3 - g. Let f be 3/(-1)*1/3. Let z be j(f). Let d(p) = 3*p**2 - 8*p - 56. Let r be d(-4). Calculate the greatest common factor of r and z.
8
Let i(z) = -5*z**3 - 2*z**2 - 2*z - 1. Let r be i(-1). Suppose 9*d = r*d + 25. What is the greatest common divisor of 10 and d?
5
Let c be (1 - 1)*2/2. Suppose 5*b - 30 - 35 = c. Let g = -31 + 44. What is the highest common divisor of g and b?
13
Let v be (-3 - -1)/(2/27). Let l = 40 + v. Suppose 356 = 4*t - 4*z, -t - 4*z - z + 101 = 0. What is the highest common divisor of t and l?
13
Suppose 0*d + 2*d + 14 = 0. Let i = d - -11. Calculate the highest common factor of i and 20.
4
Suppose 0 = -3*q + 2*q + 8. Let u = q - 3. Calculate the greatest common divisor of u and 20.
5
Let i = -2 + 4. Let j be ((-51)/2)/((-1)/i). Suppose 0*s + 11 = 2*l + 3*s, 2*l = 5*s + j. Calculate the greatest common factor of 13 and l.
13
Suppose -2*l + 4 = -74. Let h be 912/13 + (-6)/l. What is the highest common factor of 10 and h?
10
Let g be (-6)/9 + (-329)/(-21). Let c = -7 - -11. Suppose c*q - 318 = 2*q + 4*y, q - y - 162 = 0. Calculate the highest common factor of q and g.
15
Let h(i) = -2*i**3 - 2*i**2 - i - 1. Let g = -7 - -4. Let u be h(g). Let c be (-1)/2 - u/(-4). Calculate the highest common factor of 6 and c.
3
Let s(p) = p**3 + 6*p**2 + 5*p + 2. Let c be s(-4). Calculate the greatest common factor of c and 28.
14
Suppose -35 = -5*d - 20. Calculate the greatest common factor of 12 and d.
3
Suppose 3*f - 48 = f. Let i(z) = -3 + 30*z + 3. Let u be i(2). What is the greatest common factor of f and u?
12
Suppose -v = 3*q + 4, 14 = 5*v - 11. Let z(l) = -4*l - 2. Let p be z(q). Let s = p + -3. What is the greatest common factor of s and 28?
7
Let c(v) = -v**2 + 1. Let q be c(-3). Let o be q/(-6) + 2/3. Suppose 6 = 4*i - 2. Calculate the highest common divisor of o and i.
2
Let c be (-3)/6 - 38/(-4). Let g be (-1)/(-4 - -5) + 28. Calculate the greatest common divisor of g and c.
9
Suppose 4*f = -f + 385. Let a be 3 + -5 + 2 + f. What is the highest common divisor of a and 11?
11
Suppose -2*n = 5*c - 50, -5*n + 4*c = -28 - 31. What is the highest common factor of 105 and n?
15
Suppose 0 = -2*l + 26 - 90. Let f be (-2 - -5)*(-45)/3. Let a = l - f. Calculate the greatest common factor of a and 13.
13
Let k(u) = 4*u**2 - 13*u - 2. Let f be k(-6). Calculate the greatest common divisor of f and 20.
20
Suppose 0 = i + 2*q - 74, -82 = -i - 0*i - 4*q. Calculate the highest common factor of i and 6.
6
Suppose -2*z + 4*v = -112, 0 = -z - z + 5*v + 108. Calculate the greatest common divisor of z and 96.
32
Let d(s) = s**3 - 3*s**2 - 2*s - 1. Let z be d(5). Suppose y - z = -2*y. Calculate the highest common divisor of y and 91.
13
Let i = -2 + 56. What is the greatest common factor of 6 and i?
6
Suppose 13*k + 5 = 161. Calculate the greatest common divisor of k and 16.
4
Suppose 4*s - 32 = 6*g - 2*g, -5*g = -5. Calculate the greatest common divisor of 9 and s.
9
Let y(k) = -k**2 + 21*k + 56. Let z be y(23). Calculate the greatest common factor of 50 and z.
10
Let y = 6 - 1. Let x = -9 + 7. Let r = y + x. What is the highest common factor of r and 27?
3
Suppose -3*y + 121 = -2*i + 3*i, -3*y + 5*i = -97. Let t = y - -28. Suppose f - t = -5*z + 2*f, -20 = -z - 2*f. What is the highest common factor of z and 2?
2
Let n(j) = -j**2 + 14*j - 4. Let c be n(13). What is the highest common factor of 99 and c?
9
Let t(a) = 12*a**2 + a - 5*a - 5*a**2 - a**3 + 2*a. Let d be t(6). What is the greatest common divisor of 12 and d?
12
Suppose 2*l + 5 = 25. Let n be -4*(-8)/(-12)*-15. What is the greatest common factor of n and l?
10
Let m be (6/2)/(-3) + 2. Let b be -2 + m + (2 - -31). Suppose -i - 32 = -4*t, -15 = -2*t + 5*i + 1. What is the highest common factor of b and t?
8
Let j = -25 - -1. Let m = j - -60. What is the greatest common factor of m and 24?
12
Suppose 4*y = 15 - 3. Let g(s) = 126 - 3*s**2 - y*s + 2*s + 4*s**2. Let b be g(0). What is the highest common divisor of 14 and b?
14
Let b be (2/(-3))/(3/153). Let g = b + 47. Let h = -8 + g. Calculate the greatest common divisor of 55 and h.
5
Suppose 252 + 280 = 4*f. Calculate the highest common factor of 19 and f.
19
Let i(n) = n**3 - n**2 - 4*n + 4. Let q be i(6). What is the greatest common divisor of 20 and q?
20
Let o = -4 + 11. Let z(w) = -w**3 + 8*w**2 - 5*w - 1. Let v be z(o). Calculate the greatest common factor of v and 13.
13
Suppose 226 = 5*f + 6. Suppose -84 = -0*v - 4*v. Let a = v + -10. Calculate the greatest common factor of f and a.
11
Let j(k) = -10*k + 3. Let f(d) = -5*d + 1. Let c(y) = -9*f(y) + 4*j(y). Let x be c(5). Let u = 10 - 6. Calculate the highest common divisor of u and x.
4
Let i = -73 - -149. Suppose i + 4 = 5*g. Let w be (g/10)/((-1)/(-25)). Calculate the greatest common factor of w and 10.
10
Let p = 9 - -1. Let s = p - 1. Calculate the greatest common factor of 18 and s.
9
Let x = -214 - -312. Let u be 4/(-14) + (-594)/(-21). Suppose 0*w - u = -2*w. Calculate the greatest common divisor of w and x.
14
Let l = -87 + 55. Let y be (-15)/6*l/10. What is the greatest common divisor of y and 88?
8
Suppose -m = -u + 33, 11 = u + 3*m - 18. Let r = -5 - -3. Let o be (-3)/r*(-8)/(-3). What is the highest common factor of u and o?
4
Let a(s) = 68*s**2 + s - 1. Let o be a(1). Suppose 10 = 5*i, -i = 2*b + 3*i - o. Calculate the greatest common factor of 75 and b.
15
Let r be 0 + (-4)/((-12)/(-69)). Let j = r + 47. Calculate the highest common factor of 3 and j.
3
Let r(k) = 13*k - 1. Let n be r(1). Let g = -2 + 3. Let z(b) = 61*b - 1. Let x be z(g). Calculate the highest common divisor of n and x.
12
Let u = -7 + 9. Suppose 0 = 5*p, 2*p - 6*p = -2*c + 2. What is the highest common divisor of u and c?
1
Let s be (-4)/10*(-9 - 6). Suppose -s*t - 105 = -t. Let a be 2/(-14) + (-3993)/t. Calculate the greatest common factor of a and 19.
19
Let w(j) = j**3 - 14*j**2 + 3*j + 13. Let n be w(14). What is the greatest common divisor of n and 11?
11
Suppose -3*u - 3*g - 2*g = 11, 20 = 4*u - 2*g. Suppose 5 + u = 2*n. Let d = -5 - -7. What is the greatest common divisor of d and n?
2
Let z = 11 - 2. Suppose -y + z + 6 = 0. Suppose 5*h - 250 = -5*n, -n + 245 = 5*h + 3*n. What is the greatest common factor of y and h?
15
Let h be (2/(-2))/1 - -2. Let t(i) = 10*i. Let j be t(h). Suppose 5*v - 3*q - 215 = 0, -2*v - v = -2*q - 130. What is the highest common divisor of j and v?
10
Let z be (11/(-4))/((-12)/240). Suppose -2*r + 3 - 9 = 0, -52 = -a - 2*r. Suppose -14 = 2*v - a. Calculate the greatest common factor of z and v.
11
Let d(o) = o**3 - 3*o**2 - 5*o + 4. Let x be d(4). Let s be (1 - 2) + 14 + x. What is the gr